{"id":2148,"date":"2025-05-19T10:31:54","date_gmt":"2025-05-19T10:31:54","guid":{"rendered":"https:\/\/smartphone.applize.io\/?page_id=2148"},"modified":"2025-06-11T16:04:52","modified_gmt":"2025-06-11T16:04:52","slug":"reparation","status":"publish","type":"page","link":"https:\/\/smartphone.applize.io\/?page_id=2148","title":{"rendered":"R\u00e9paration"},"content":{"rendered":"<div class=\"wpb-content-wrapper\"><p>[vc_section bg_class=&#8221;bg-grey&#8221; parallax_image_attachment=&#8221;inherit&#8221; padding_top=&#8221;pt-0&#8243; padding_bottom=&#8221;pb-0&#8243; padding_class=&#8221;&#8221; margin_top=&#8221;mt-0&#8243; css=&#8221;.vc_custom_1749656038349{background-color: #FFFFFF !important;border-color: #FFFFFF !important;}&#8221;][vc_row full_width=&#8221;stretch_row_content&#8221; column_style=&#8221;no-spacing-column&#8221; parallax_image_attachment=&#8221;inherit&#8221; padding_top=&#8221;pt-0&#8243; padding_bottom=&#8221;pb-0&#8243; margin_top=&#8221;mt-0&#8243; css=&#8221;.vc_custom_1749656013952{background-color: #FFFFFF !important;border-color: #FFFFFF !important;}&#8221;][vc_column]\r\n        <div class=\"text-center\"> \r\n        <img decoding=\"async\" class=\"vc_single_image-img img-fluid\"  src=\"https:\/\/smartphone.applize.io\/wp-content\/uploads\/2025\/06\/SavSmartphone-P3S1s2.jpg\" alt=\"External image\" \/>\r\n        <\/div>[\/vc_column][\/vc_row][\/vc_section][vc_section section_type=&#8221;content&#8221; content_type=&#8221;2&#8243; bg_class=&#8221;bg-grey&#8221; parallax_image_attachment=&#8221;inherit&#8221; padding_class=&#8221;&#8221; css=&#8221;.vc_custom_1749407522692{background-color: #35363A !important;border-color: #35363A !important;}&#8221;][vc_row gap=&#8221;3&#8243; equal_height=&#8221;yes&#8221; row_class=&#8221;content-txt&#8221; parallax_image_attachment=&#8221;inherit&#8221; el_class=&#8221;reverse-on-mobile&#8221; css=&#8221;.vc_custom_1749408136624{margin-top: 10px !important;border-top-width: 10px !important;padding-top: 10px !important;}&#8221;][vc_column width=&#8221;1\/2&#8243;]\r\n        <div class=\"vc_custom_1749407612308  section-title  wow perch-fadeInLeftBig fadeInLeftBig text-left\" data-wow-delay=\"300ms\" data-wow-duration=\"1200ms\">\r\n            <h1 class=\"white-color h1-xs none\" style=\"font-size: 2rem;\">R\u00e9paration \u00e9cran et fa\u00e7ade arri\u00e8re<\/h1>\r\n                     \r\n        <\/div>[vc_column_text css_animation=&#8221;fadeInLeftBig&#8221; css=&#8221;&#8221;]<span style=\"color: #ffffff;\">\u00a0Confiez votre smartphone endommag\u00e9 \u00e0 notre service de r\u00e9paration rapide et fiable. <\/span><br \/>\n<span style=\"color: #ffffff;\">Nous rempla\u00e7ons les \u00e9crans cass\u00e9s et les coques arri\u00e8re ab\u00eem\u00e9es avec des pi\u00e8ces de qualit\u00e9,compatibles avec les plus grandes marques.<\/span><\/p>\n<p><span style=\"color: #ffffff;\"> Selon le mod\u00e8le, la r\u00e9paration peut \u00eatre effectu\u00e9e en moins d\u2019une heure, sur place ou sur rendez-vous.<\/span><br \/>\n<span style=\"color: #ffffff;\">Transparence garantie : un diagnostic clair,un devis sans surprise et une garantie sur les pi\u00e8ces remplac\u00e9es.<\/span>[\/vc_column_text][\/vc_column][vc_column width=&#8221;1\/2&#8243;]\r\n        <div class=\"img-col-pleine  wow perch-fadeInRightBig fadeInRightBig text-center\" data-wow-delay=\"300ms\" data-wow-duration=\"1200ms\"> \r\n        <img decoding=\"async\" class=\"vc_single_image-img img-fluid\"  src=\"https:\/\/smartphone.applize.io\/wp-content\/uploads\/2025\/05\/savsmartphone-08P3V1.jpg\" alt=\"External image\" \/>\r\n        <\/div>[\/vc_column][\/vc_row][vc_row gap=&#8221;3&#8243; row_class=&#8221;content-txt&#8221; parallax_image_attachment=&#8221;inherit&#8221; el_class=&#8221;reverse-on-mobile&#8221; css=&#8221;.vc_custom_1749407816398{margin-top: 5px !important;border-top-width: 5px !important;padding-top: 5px !important;}&#8221;][vc_column width=&#8221;1\/2&#8243;]\r\n        <div class=\"vc_custom_1749407948624  section-title  wow perch-fadeInLeftBig fadeInLeftBig text-left\" data-wow-delay=\"300ms\" data-wow-duration=\"1200ms\">\r\n            <h1 class=\"white-color h1-xs none\" style=\"font-size: 2rem;\">R\u00e9parer ou remplacer ?<\/h1>\r\n                     \r\n        <\/div>[vc_column_text css_animation=&#8221;fadeInLeftBig&#8221; css=&#8221;&#8221;]<span style=\"color: #ffffff;\">Confiez votre t\u00e9l\u00e9phone \u00e0 nos experts en r\u00e9paration, form\u00e9s pour intervenir sur toutes les pi\u00e8ces : batterie, connecteurs,cam\u00e9ras etc&#8230;<\/span><br \/>\n<span style=\"color: #ffffff;\">Quelle que soit la marque : Apple, Samsung, Huawei, Xiaomi&#8230; Nous vous garantissons un diagnostic rapide et une intervention soign\u00e9e. <\/span><br \/>\n<span style=\"color: #ffffff;\">Votre appareil est entre de bonnes mains.<\/span><\/p>\n<p><span style=\"color: #ffffff;\">Lors de la r\u00e9paration, vous avez le choix d\u2019optez pour des pi\u00e8ces originales de la marque ou des pi\u00e8ces g\u00e9n\u00e9riques pour les budgets plus serr\u00e9s sans compromettre les fonctionnalit\u00e9s<\/span>[\/vc_column_text][\/vc_column][vc_column width=&#8221;1\/2&#8243;]\r\n        <div class=\"img-col-pleine  wow perch-fadeInRightBig fadeInRightBig text-center\" data-wow-delay=\"300ms\" data-wow-duration=\"1200ms\"> \r\n        <img decoding=\"async\" class=\"vc_single_image-img img-fluid\"  src=\"https:\/\/smartphone.applize.io\/wp-content\/uploads\/2025\/05\/savsmartphone-08P3V2.jpg\" alt=\"External image\" \/>\r\n        <\/div>[\/vc_column][\/vc_row][vc_row gap=&#8221;3&#8243; equal_height=&#8221;yes&#8221; row_class=&#8221;content-txt&#8221; parallax_image_attachment=&#8221;inherit&#8221; el_class=&#8221;reverse-on-mobile&#8221; css=&#8221;.vc_custom_1749408002433{margin-top: 5px !important;border-top-width: 5px !important;padding-top: 5px !important;}&#8221;][vc_column width=&#8221;1\/2&#8243;]\r\n        <div class=\"vc_custom_1749408338252  section-title  wow perch-fadeInLeftBig fadeInLeftBig text-left\" data-wow-delay=\"300ms\" data-wow-duration=\"1200ms\">\r\n            <h1 class=\"white-color h1-xs none\" style=\"font-size: 2rem;\">D\u00e9blocage<\/h1>\r\n                     \r\n        <\/div>[vc_column_text css_animation=&#8221;fadeInLeftBig&#8221; css=&#8221;&#8221;]<span style=\"color: #ffffff;\">D\u00e9bloquez votre t\u00e9l\u00e9phone, tablette ou ordinateur en toute s\u00e9curit\u00e9 avec notre service rapide et fiable. Que ce soit un blocage op\u00e9rateur, un mot de passe oubli\u00e9 ou un compte bloqu\u00e9, nous intervenons sur toutes marques et mod\u00e8les. R\u00e9cup\u00e9rez l&#8217;acc\u00e8s \u00e0 vos appareils sans perdre vos donn\u00e9es. Diagnostic gratuit et intervention garantie !<\/span>[\/vc_column_text][\/vc_column][vc_column width=&#8221;1\/2&#8243;]\r\n        <div class=\"img-col-pleine  wow perch-fadeInRightBig fadeInRightBig text-center\" data-wow-delay=\"300ms\" data-wow-duration=\"1200ms\"> \r\n        <img decoding=\"async\" class=\"vc_single_image-img img-fluid\"  src=\"https:\/\/smartphone.applize.io\/wp-content\/uploads\/2025\/05\/savsmartphone-08P2x.jpg\" alt=\"External image\" \/>\r\n        <\/div>[\/vc_column][\/vc_row][vc_row full_width=&#8221;stretch_row_content&#8221; row_class=&#8221;content-txt&#8221; parallax_image_attachment=&#8221;inherit&#8221; css=&#8221;.vc_custom_1749580515830{margin-top: 20px !important;border-top-width: 20px !important;padding-top: 20px !important;}&#8221;][vc_column css_animation=&#8221;none&#8221; awb_type=&#8221;image&#8221; awb_image_background_position=&#8221;50%50%&#8221; awb_parallax=&#8221;scroll-opacity&#8221; awb_parallax_speed=&#8221;0.5&#8243; awb_image=&#8221;3745&#8243;][vc_empty_space height=&#8221;100px&#8221;][vc_single_image custom_src=&#8221;https:\/\/smartphone.applize.io\/wp-content\/uploads\/2025\/06\/Parallaxe-Visuel-Playstation.png&#8221; alignment=&#8221;center&#8221; css=&#8221;&#8221;][vc_empty_space height=&#8221;100px&#8221;][\/vc_column][\/vc_row][vc_row gap=&#8221;3&#8243; row_class=&#8221;content-txt&#8221; parallax_image_attachment=&#8221;inherit&#8221; el_class=&#8221;reverse-on-mobile&#8221; css=&#8221;.vc_custom_1749408572013{margin-top: 5px !important;margin-bottom: 45px !important;border-top-width: 5px !important;border-bottom-width: 45px !important;padding-top: 5px !important;padding-bottom: 45px !important;}&#8221;][vc_column width=&#8221;1\/2&#8243;]\r\n        <div class=\"vc_custom_1749408419688  section-title  wow perch-fadeInLeftBig fadeInLeftBig text-left\" data-wow-delay=\"300ms\" data-wow-duration=\"1200ms\">\r\n            <h1 class=\"white-color h1-xs none\" style=\"font-size: 2rem;\">R\u00e9paration high-tech<\/h1>\r\n                     \r\n        <\/div>[vc_column_text css_animation=&#8221;fadeInLeftBig&#8221; css=&#8221;&#8221;]<span style=\"color: #ffffff;\">Notre atelier prend en charge la r\u00e9paration de vos appareils \u00e9lectroniques : ordinateurs portables et de bureau, tablettes,ainsi que consoles de jeux toutes marques PlayStation, Xbox, Nintendo.<\/span><\/p>\n<p><span style=\"color: #ffffff;\">Nos techniciens qualifi\u00e9s diagnostiquent rapidement la panne et interviennent sur les composants : \u00e9cran, carte m\u00e8re, disque dur, connecteurs,syst\u00e8me de refroidissement, etc.<\/span><br \/>\n<span style=\"color: #ffffff;\">Nous assurons un service fiable, rapide et transparent.Toutes nos r\u00e9parations sont garanties,et nous vous proposons un devis clair avant toute intervention.<\/span><br \/>\n<span style=\"color: #ffffff;\">Redonnez vie \u00e0 vos appareils, sans vous ruiner<\/span>[\/vc_column_text][\/vc_column][vc_column width=&#8221;1\/2&#8243;]\r\n        <div class=\"img-col-pleine  wow perch-fadeInRightBig fadeInRightBig text-center\" data-wow-delay=\"300ms\" data-wow-duration=\"1200ms\"> \r\n        <img decoding=\"async\" class=\"vc_single_image-img img-fluid\"  src=\"https:\/\/smartphone.applize.io\/wp-content\/uploads\/2025\/05\/savsmartphone-08P3V3.jpg\" alt=\"External image\" \/>\r\n        <\/div>[\/vc_column][\/vc_row][vc_row parallax_image_attachment=&#8221;inherit&#8221; el_class=&#8221;primary-theme&#8221; css=&#8221;.vc_custom_1746992605617{margin-top: 50px !important;margin-bottom: 50px !important;}&#8221;][vc_column width=&#8221;1\/2&#8243;]<div class=\"wow perch-fadeInLeftBig fadeInLeftBig text-center sbox-2\" data-wow-delay=\"300ms\" data-wow-duration=\"1200ms\">       \r\n        <span class=\"icon-md\">\r\n                    <span class=\"flaticon-220-smartphone icon-sm white-color\"><\/span>\r\n                 <\/span><!-- Icon  -->\r\n            <div class=\"sbox-2-txt\">\r\n            <h5 class=\"white-color h5-sm none\">R\u00e9parer vos t\u00e9l\u00e9phones<\/h5><!-- Title -->                                   \r\n            <p class=\"white-color none\">Nous r\u00e9parons ou rempla\u00e7ons toutes les pi\u00e8ces par des originales ou des g\u00e9n\u00e9riques<\/p><!-- Text -->\r\n            \r\n            <\/div>  \r\n    <\/div>[\/vc_column][vc_column width=&#8221;1\/2&#8243;]<div class=\"wow perch-fadeInRightBig fadeInRightBig text-center sbox-2\" data-wow-delay=\"300ms\" data-wow-duration=\"1200ms\">       \r\n        <span class=\"icon-md\">\r\n                    <span class=\"flaticon-252-laptop icon-sm grey-color\"><\/span>\r\n                 <\/span><!-- Icon  -->\r\n            <div class=\"sbox-2-txt\">\r\n            <h5 class=\"white-color h5-sm none\">R\u00e9parer tous vos appareils<\/h5><!-- Title -->                                   \r\n            <p class=\"white-color none\">Nous r\u00e9parons tous vos produits high-tech pour prolonger vie ou r\u00e9cup\u00e9rer vos donn\u00e9es.<\/p><!-- Text -->\r\n            \r\n            <\/div>  \r\n    <\/div>[\/vc_column][\/vc_row][\/vc_section]<\/p>\n<\/div>","protected":false},"excerpt":{"rendered":"<p>[vc_section bg_class=&#8221;bg-grey&#8221; parallax_image_attachment=&#8221;inherit&#8221; padding_top=&#8221;pt-0&#8243; padding_bottom=&#8221;pb-0&#8243; padding_class=&#8221;&#8221; margin_top=&#8221;mt-0&#8243; css=&#8221;.vc_custom_1749656038349{background-color: #FFFFFF !important;border-color: #FFFFFF !important;}&#8221;][vc_row full_width=&#8221;stretch_row_content&#8221; column_style=&#8221;no-spacing-column&#8221; parallax_image_attachment=&#8221;inherit&#8221; padding_top=&#8221;pt-0&#8243; padding_bottom=&#8221;pb-0&#8243; margin_top=&#8221;mt-0&#8243; css=&#8221;.vc_custom_1749656013952{background-color: #FFFFFF !important;border-color: #FFFFFF !important;}&#8221;][vc_column][\/vc_column][\/vc_row][\/vc_section][vc_section section_type=&#8221;content&#8221; content_type=&#8221;2&#8243; bg_class=&#8221;bg-grey&#8221; parallax_image_attachment=&#8221;inherit&#8221; padding_class=&#8221;&#8221; css=&#8221;.vc_custom_1749407522692{background-color: #35363A !important;border-color: #35363A !important;}&#8221;][vc_row gap=&#8221;3&#8243; equal_height=&#8221;yes&#8221; row_class=&#8221;content-txt&#8221; parallax_image_attachment=&#8221;inherit&#8221; el_class=&#8221;reverse-on-mobile&#8221; css=&#8221;.vc_custom_1749408136624{margin-top: 10px&#8230;<\/p>\n","protected":false},"author":1,"featured_media":0,"parent":0,"menu_order":0,"comment_status":"closed","ping_status":"closed","template":"redux-templates_full_width","meta":{"footnotes":""},"class_list":["post-2148","page","type-page","status-publish","hentry","no-post-thumbnail"],"post_mailing_queue_ids":[],"_links":{"self":[{"href":"https:\/\/smartphone.applize.io\/index.php?rest_route=\/wp\/v2\/pages\/2148","targetHints":{"allow":["GET"]}}],"collection":[{"href":"https:\/\/smartphone.applize.io\/index.php?rest_route=\/wp\/v2\/pages"}],"about":[{"href":"https:\/\/smartphone.applize.io\/index.php?rest_route=\/wp\/v2\/types\/page"}],"author":[{"embeddable":true,"href":"https:\/\/smartphone.applize.io\/index.php?rest_route=\/wp\/v2\/users\/1"}],"replies":[{"embeddable":true,"href":"https:\/\/smartphone.applize.io\/index.php?rest_route=%2Fwp%2Fv2%2Fcomments&post=2148"}],"version-history":[{"count":6,"href":"https:\/\/smartphone.applize.io\/index.php?rest_route=\/wp\/v2\/pages\/2148\/revisions"}],"predecessor-version":[{"id":3996,"href":"https:\/\/smartphone.applize.io\/index.php?rest_route=\/wp\/v2\/pages\/2148\/revisions\/3996"}],"wp:attachment":[{"href":"https:\/\/smartphone.applize.io\/index.php?rest_route=%2Fwp%2Fv2%2Fmedia&parent=2148"}],"curies":[{"name":"wp","href":"https:\/\/api.w.org\/{rel}","templated":true}]}}